c + 735. Let g be q(-9). Let t(u) be the third derivative of u**5/20 + u**4/6 - 5*u**3/6 + 2*u**2. What is the tens digit of t(g)?
1
Let y = -35 - -37. Suppose -o = 4*m + y*o - 16, 0 = -4*o. Suppose m*q + 213 = 7*q. What is the units digit of q?
1
Suppose 5*j = 4*b + 84993, -3*j = 334*b - 331*b - 51012. What is the units digit of j?
1
Suppose -8*f + 5*o = -5*f - 1293, -4*f + 2*o + 1724 = 0. Suppose 0 = -2*k + 307 + f. What is the hundreds digit of k?
3
Suppose 4*r + 11 = 8*r - 3*k, 4*r = -5*k - 29. What is the units digit of 22*(-2052)/(-24)*r/(-3)?
7
Suppose -7194 - 16684 = -v + 5*s, 2*s = -4*v + 95512. What is the units digit of v?
8
Let m(i) = i**2 - 7*i + 6. Let j be m(4). Let q = j + 27. Let t = 2 + q. What is the tens digit of t?
2
Let o be (-1 - 0 - 0)/((-6)/(-1350)). What is the units digit of (3/9)/((-15)/o) - -1182?
7
Suppose 0*a = -a + 7. Suppose 0 = 17*i - a*i - 50. Suppose -2*k + 207 - i = 2*h, -2*k + 193 = -h. What is the tens digit of k?
9
Let p(l) = l**3 + 28*l**2 - 191*l + 32. What is the hundreds digit of p(-33)?
8
Suppose 0 = 12*a - 15*a. Suppose a = -r - 0*r - 97. Let l = r - -180. What is the units digit of l?
3
Suppose -v + 7 = -0. Let t(j) = j**3 - 7*j**2 + 3*j - 22. Let g be t(v). What is the tens digit of -1 + 5 - (256*-1 - g)?
5
Suppose 9*v - 163 + 19 = 0. Suppose 0 = -2*n - v + 914. What is the hundreds digit of n?
4
Suppose -6*w = -3*t - 2*w - 26, -t - 12 = -3*w. What is the hundreds digit of (-682)/t - (-5)/(-3)?
1
Let b(q) = 10*q**2 - 125*q - 909. What is the ten thousands digit of b(55)?
2
Let r(w) be the first derivative of 10*w**3/3 + 11*w - 54. What is the units digit of r(-3)?
1
Let h(d) = -4*d**3 + 2*d**2 + 2*d + 1. Let u be h(-1). Suppose -3*x + 5*g + 44 + 25 = 0, -u*x + 4*g + 128 = 0. What is the tens digit of x?
2
Suppose -10*f + 1845 = 225. Suppose -f*i + 158*i = 40. What is the tens digit of (i/40)/((-2)/488)?
6
Suppose -2*z - 4*v = -31826, -39*v = -2*z - 42*v + 31821. What is the units digit of z?
3
Let y = -25868 - -68471. What is the tens digit of y?
0
Let r(g) = -45 + 32*g + 354*g - 104*g. What is the units digit of r(4)?
3
Let w = 2224 + -287. Suppose -w = -2*q - 11*q. Suppose 2*p - q - 49 = 0. What is the units digit of p?
9
Let r(s) be the first derivative of -17/2*s**2 + s + 19. What is the units digit of r(-9)?
4
Let i(g) = 23*g**2 - 2*g + 5. Let j be i(-3). Let p = 318 - j. Let w = p - -35. What is the tens digit of w?
3
Suppose 0 = -3*d - 7 + 25. Suppose -d*s + 10*s - 3379 = 3*n, s - 2*n = 851. What is the units digit of s?
1
Suppose 0*v - 4 = -2*v. Suppose 0 = 5*n - v*n + 9. What is the tens digit of 0 - -12*n/(-2)?
1
Suppose 13*g - 1473 + 238 = 0. Let j = -100 + g. What is the units digit of (j - -4)*4/(-4)?
1
Suppose -4*b + 707 = -417. Suppose -591 - b = -8*a. Suppose 0 = -15*t + 2666 + a. What is the units digit of t?
5
Let a(d) = -20*d + 39. Suppose -60*o + 63*o + 207 = 0. Let n = 62 + o. What is the hundreds digit of a(n)?
1
Suppose -369*l + 5387841 = -4717962. What is the tens digit of l?
8
Let j be (-4)/((-24)/18) - 7. What is the thousands digit of (-1069 - 2)*(j/(-1) - 5)?
1
Let p be (-2)/(-8) - 585/(-12). Let a = p - 54. Let r(h) = -40*h + 12. What is the tens digit of r(a)?
1
Let c(g) = -g**2 - 8*g + 13. Let y be c(-5). Suppose y + 183 = v + f, -3*f = -3. What is the tens digit of v?
1
Suppose 22*s - 25153 = 2*s + 10607. What is the hundreds digit of s?
7
Suppose 16*w = 12*w + 4. Let q be (-100)/(-75) + w/3*2. Suppose -107 = -g - q*o, 0 = 2*o + 2*o - 8. What is the hundreds digit of g?
1
Suppose 4 = -4*y, a + 2 = -2*y + 5. Suppose -4*u - 10*z + 9*z = -2913, -z = a*u - 3640. What is the hundreds digit of u?
7
Let p be 8/(-14)*(-1)/(-2)*-7. Let r(a) = -p - 8 - 15 - 13*a + 2. What is the units digit of r(-9)?
4
Let l = -98 + 656. Let o = l - 289. What is the tens digit of o?
6
Let s(n) = -13*n - 236. Let p be s(-18). What is the units digit of 797 - (1/(-4))/(p/40)?
2
Let u(g) = 11*g**3 - 3*g**2 - 10*g - 10. Let d(v) = -v**2 + 5*v + 19. Let m be d(7). What is the units digit of u(m)?
0
Suppose -26*v + 282646 - 96975 = -187559. What is the ten thousands digit of v?
1
Let k = 12 - 74. Let w = 576 + k. What is the tens digit of w?
1
Let l(p) = 4*p**2 - 21*p - 10. Suppose 4*j - 16 = -2*r + 10, -5*j + 37 = 3*r. Let y be l(r). Let w = -47 + y. What is the tens digit of w?
7
Suppose -216351 = 190*x - 1083970 - 242931. What is the tens digit of x?
4
Let b = -34671 - -39658. What is the hundreds digit of b?
9
Suppose -5*z + 114183 = -z - x, -5*z + 2*x + 142734 = 0. What is the units digit of z?
4
Let f(c) = -c**2 - 23*c - 45. Let j be f(-9). Let v = 39 + -25. Let x = j - v. What is the units digit of x?
7
Let p(b) = -2*b**3 + 4*b**2 - 6*b + 6. Suppose 16 = -4*s - 0. Let f be p(s). Suppose o - f - 33 = 0. What is the units digit of o?
5
Let d(h) = -15*h**2 - 6*h + 32*h**2 + 2 + 13*h**2. Suppose -36*g - 31*g = -58*g - 27. What is the units digit of d(g)?
4
Suppose 3*y + 30 = 8*y. Let t(d) = 14*d**2 + 13*d - 10. What is the hundreds digit of t(y)?
5
Suppose 5*z - 10520 = 2*w + 30300, 0 = 4*z - 5*w - 32656. What is the hundreds digit of z?
1
Let s = 6540 + 5428. What is the thousands digit of s?
1
Let i be 0 - 0 - ((-2 - 0) + -29). Let c = i + -31. Suppose c*y - 35 = -7*y. What is the units digit of y?
5
Let r(i) = 3*i**2 - 9*i. Let y be r(4). Suppose y = -3*q + 27. What is the tens digit of ((-30)/(-4))/q*20?
3
Let v(d) = 337*d**3 + 3*d**2 - d + 107. What is the units digit of v(4)?
9
Let r = -23 - -20. Let y(t) = 50*t**2 + 4*t + 14. What is the tens digit of y(r)?
5
What is the thousands digit of (-10)/(-12) - (-10 - 806415/90)?
8
Suppose -2*p - 5*n = -306 - 145, -3*p + 719 = -n. Let v = p - -380. What is the hundreds digit of v?
6
Let y = -168 + 212. What is the tens digit of 122*(y/(-8) + 6)?
6
Let q = -90 + 95. Suppose 2*y + q*d = 772, 104 + 308 = y - 4*d. What is the tens digit of y?
9
Suppose -7*j = -5*j - 4. Suppose -4*t = -i - 14, i + 6 = 2*t - j. Suppose 5*u - 172 = t*u. What is the units digit of u?
6
What is the tens digit of (13 + -17 - 17896/6)*(-315)/28?
0
Suppose -23*n + 28*n - q - 232853 = 0, 0 = n + 4*q - 46558. What is the hundreds digit of n?
5
Let g(b) = b**3 + 59*b**2 - 94*b + 109. What is the hundreds digit of g(-58)?
9
Suppose 2*r - 46 + 60 = 0. What is the units digit of r - 300/(-44) - (-4446)/11?
4
Let k(j) = -114*j**2 - 4*j - 35. Let o be k(-5). What is the tens digit of (o/(5/(-1)))/(1 - -2)?
9
Let n(h) = 105*h**3 + 4*h**2 + 28*h - 92. What is the tens digit of n(4)?
0
Let d be ((-3)/2)/(6/(-8)). Let j = 498 + -332. Suppose -d*h - j = -4*h + 2*c, -5*c = 5*h - 445. What is the tens digit of h?
8
Suppose 2*m - 96 = 3*p, 4*m + 0*p - 192 = -4*p. What is the hundreds digit of (-18396)/(-22) + m/(-264)?
8
Let f be (-6 - 2 - 0)/(-2). Let v be ((-14)/42)/((-3)/54). Suppose f*d = v*d - 290. What is the tens digit of d?
4
Let w be (-970)/97*(-2)/(-10)*2. What is the hundreds digit of (404 - -17) + (-4)/(w/5)?
4
Let a(t) = t**2 + 3*t + 4. Suppose 19*l - 21*l = 4. Let s be a(l). Suppose w - 5*w - s*u + 208 = 0, -w = 5*u - 34. What is the tens digit of w?
5
Let z = 21 - 24. Let q(s) = -6*s + 167. Let l be q(28). What is the units digit of l/z + 1760/30?
9
Let m = 75920 - 35873. What is the ten thousands digit of m?
4
Let a = -3869 - -16607. What is the tens digit of a?
3
Let m be (-412)/(-28) + -2 - (-4)/14. Suppose -21*s = -m*s - 2960. What is the hundreds digit of s?
3
What is the tens digit of 52763 - (88/(-77) - -3*26/(-42))?
6
Suppose -a - 5 = 0, -4*a - 3971 = -17*x + 14*x. What is the tens digit of x?
1
Let x = 21500 + -12721. What is the tens digit of x?
7
Suppose 5746*z - 9576 = 5743*z. What is the hundreds digit of z?
1
Let o(r) = 6*r - 51. Let h be o(9). What is the units digit of (h/(18/2))/(25/53475)?
3
Let m be (-6 + 38/6)/(1/(-15)). What is the tens digit of (-9132)/m + (-68)/170?
2
Let q(v) = -4*v + 37. Let f be q(8). Suppose 1 = -4*r - f*y + 18, r = 2*y + 1. What is the hundreds digit of -3*r/(-18) - 409/(-2)?
2
Let h be 44/154 + 500/14. Suppose -6*w = -4*w - h. Let i(l) = l**2 - 5*l + 5. What is the tens digit of i(w)?
3
Let b(q) = 8*q**2 + 8*q + 13. Let g be b(-2). Suppose 13835 - 3598 = g*c. What is the tens digit of c?
5
Suppose 5392 = 80*n - 72*n. Let l =